ose 5*s - 164 = -3*n, -s + 162 = 4*s + 4*n. What is the greatest common divisor of 663 and s?
17
Let g(r) = 52*r**2 + 5*r - 3. Let t be g(-3). Suppose 4*k + 246 = 5*i + 8*k, -2*i + 97 = 3*k. Calculate the greatest common divisor of i and t.
50
Let n(m) = -4*m + 3. Let h(o) = -o - 7. Let v be h(-5). Let j(u) = 1. Let l(i) = v*j(i) - n(i). Let f be l(6). What is the greatest common divisor of 95 and f?
19
Let y = -2 - 6. Let k be 40 - 0 - (7 - 11). Let j = k + y. What is the highest common divisor of j and 18?
18
Suppose 9*s = 4*s + 400. Let f be 1 + 124 - (9 - 4). Suppose -122*o + 20 = -f*o. What is the highest common factor of s and o?
10
Suppose -3*u + 468 = u. Let n = -12 - -1. Let y(k) = k + 24. Let p be y(n). What is the greatest common divisor of p and u?
13
Let u(c) = 6*c - 42. Let n be u(13). Let v be -4 + (-8)/(-2) + 18. What is the highest common factor of v and n?
18
Let w = -15 + 9. Let o be (15/(-18))/(1/w). Calculate the highest common divisor of o and 5.
5
Let y(a) = -2*a**3 - 7*a**2 + 13*a - 11. Let x be y(-6). Calculate the greatest common divisor of 7 and x.
7
Suppose -32*w = -31*w - 64. Suppose 0 = -2*l + f + 64, 3*l - 3*f = 5*l - w. Calculate the highest common factor of l and 4.
4
Let j(n) be the first derivative of -n**4/4 + 4*n**3/3 + n**2 - 2*n + 11. Let w be j(4). What is the greatest common factor of 2 and w?
2
Suppose 0*u + u = 9. Suppose 4*c + 54 = 10*c. Suppose 13*a - 36 = c*a. What is the greatest common divisor of a and u?
9
Suppose -69 = -4*m - g, 4*g = -4*m + 8*g + 44. Calculate the highest common factor of 48 and m.
16
Let s be ((-40)/6)/(8/(-96)). Let y be (-3)/(6/(-16)*2). Suppose -y*c + 3*c = -10. What is the greatest common divisor of s and c?
10
Let d(r) = 9 + 1 - 19 - 8*r + r**2. Let a be d(10). Calculate the highest common divisor of 22 and a.
11
Suppose 0 = 5*a - 15, -4*a + 83 = -4*u - 133. Let r = 61 + u. What is the greatest common divisor of 1 and r?
1
Let o be (-4)/3 - 3843/(-27)*1. Calculate the greatest common divisor of o and 3.
3
Suppose -39 = -4*l - 11. Suppose -w - 3*d + l*d = -10, -3*w + 38 = -4*d. Let q be 456/16 - (-1)/(-2). What is the highest common divisor of w and q?
14
Let g = -24 - -3. Let o = g + 11. Let c = 15 - o. Calculate the greatest common divisor of c and 200.
25
Let d = 16 + -26. Let i be (8/d)/((-16)/1880). Suppose 3*k = -4 + i. Calculate the greatest common divisor of 75 and k.
15
Let w = 92 + -48. What is the highest common divisor of w and 22?
22
Let z = -519 - -1009. Calculate the highest common divisor of 105 and z.
35
Let q be 102*(2*(-8)/(-3) + -4). Calculate the greatest common divisor of 8 and q.
8
Suppose -357*i + 72 = -353*i. Suppose k + 19 = 3*k - n, k = 3*n - 3. Calculate the greatest common factor of i and k.
6
Let u be (2 - -266)*1 - (0 + -2). What is the greatest common factor of 54 and u?
54
Suppose -u = -6*u + 150. Suppose 3*t = -0*t - 54. Let j be (6/t)/((-1)/18). What is the greatest common divisor of j and u?
6
Suppose -7 = -16*b + 201. Let t be (14/6)/((-1)/(-39)). What is the highest common divisor of b and t?
13
Suppose p - 6*n + 5*n - 203 = 0, -3*n - 209 = -p. What is the highest common factor of p and 24?
8
Let h be ((-4)/(-4))/((-8670)/1240 - -7). Calculate the greatest common factor of h and 341.
31
Let z = -7 - -12. Suppose -l + 2*k = -0*k + 7, -l + 13 = 2*k. Suppose 9 = l*i - n - 4, -6 = -3*n. Calculate the highest common divisor of z and i.
5
Suppose -2*m = -4*f + 620, -6*f - 472 = -9*f + 5*m. Calculate the greatest common divisor of 28 and f.
14
Suppose c = 3*x + 96, 2*c + x - 55 = 102. Calculate the highest common divisor of c and 18.
9
Let n(y) = y**2 - y + 3. Let v be n(0). Suppose c - 17 = -2*x, 46 = 3*c + c - v*x. Calculate the highest common factor of c and 117.
13
Let t = 78 - 24. Let v = 6 + t. What is the highest common factor of v and 15?
15
Let h = 37 + -15. Calculate the highest common factor of 198 and h.
22
Let s(z) = z**3 - 14*z**2 - 55*z + 80. Let m be s(17). Calculate the greatest common divisor of 2364 and m.
12
Let a = -14 - -292. Suppose -5*u = -602 - a. Suppose -8*j + 3*j = -5*g + 105, g - 26 = -4*j. Calculate the greatest common factor of g and u.
22
Suppose 0 = -3*a - p + 3*p + 1140, 2*a - 760 = 5*p. Calculate the greatest common divisor of a and 20.
20
Suppose -2*n + 58 = 16. Suppose t - 2*t + 19 = w, -t + n = 3*w. Calculate the greatest common divisor of t and 2.
2
Suppose -12*z + 8*z = -4*f + 5932, 0 = -2*f - 4*z + 2942. Calculate the greatest common factor of 174 and f.
87
Let v(i) = -2*i + 38. Let n be v(-41). What is the greatest common divisor of 300 and n?
60
Let p(i) be the second derivative of i**5/20 + i**4 + 11*i**3/6 + 3*i**2/2 + 6*i. Let x be p(-11). Calculate the highest common divisor of x and 3.
3
Let t = -10 - -13. Suppose 2*h + 3 = -t. Let k be 70/(-15)*1*h. Calculate the greatest common factor of 21 and k.
7
Let n = -4 - -6. Let i be (-3 - -5) + 1*-32*-1. Suppose 4*l - i = -n. Calculate the greatest common factor of 12 and l.
4
Suppose 136 - 10 = 3*x. Let q = 4 + x. Calculate the greatest common factor of q and 69.
23
Let c(d) = 71*d + 162. Let r be c(8). What is the highest common divisor of 20 and r?
10
Let t be ((-9)/(-1))/(-5 + (-80)/(-15)). Calculate the highest common factor of t and 3.
3
Let t(h) = -h**2 - 13*h - 13. Suppose 4*i = -3*u - i - 7, -2*u + 2 = 5*i. Let y be t(u). What is the greatest common divisor of y and 23?
23
Let n(j) = -3*j**2 + 17*j - 5. Let d be n(5). Suppose 10 = d*a + 5*a. What is the greatest common factor of 8 and a?
1
Suppose 25 = 5*i + 5*s, 0 = 4*i - 2*s + 7*s - 21. Suppose z = 5*u + 5 - 20, -u - 4*z = -24. What is the greatest common factor of u and i?
4
Suppose -13*s - n = -11*s - 58, n + 62 = 2*s. What is the greatest common divisor of 42 and s?
6
Let w be (-1)/(-4) - (-2670)/8. Let z = w - 209. Let o be ((-10)/(-6))/(14/(-42))*-5. What is the greatest common divisor of o and z?
25
Let p = 35 - 19. Let s be 3 + (44 - 3) - -4. What is the greatest common divisor of p and s?
16
Suppose 12 - 4 = 2*r. Let h(g) = -4*g - 4*g - g**2 + r - 5*g - 12. Let n be h(-12). What is the greatest common factor of n and 16?
4
Let b be ((-81)/(-15))/(6/20). Let q = -234 - -243. What is the highest common divisor of b and q?
9
Let f(u) = -u - 4. Let o be f(-11). Let p = o + -2. Suppose 63 = 3*c - 4*b + 2*b, -61 = -2*c - p*b. Calculate the greatest common factor of 253 and c.
23
Let p be 7/((-16)/(-36) - 1393/3276). What is the highest common factor of p and 56?
28
Suppose t = u - 64, -2*t - 78 = 3*u - 270. What is the highest common divisor of 368 and u?
16
Let s = -421 + 422. Let z(q) = 32*q**2 - q. Let d be z(-1). Let j be (-6)/d + (-180)/(-22). What is the highest common divisor of s and j?
1
Suppose -4*w + 138 = -w. Suppose 5*h + 2*z = -w, h = -4*z - z - 23. Let u be 18/h*(-144)/27. What is the greatest common divisor of 60 and u?
12
Let h = -33 + 53. Let z be (-48)/((-54)/(-225)*5/(-4)). What is the highest common divisor of z and h?
20
Let n be ((-6)/(-9))/2 + (-201)/9. Let g be (-54)/(-4) - (-33)/n. Calculate the highest common factor of g and 12.
12
Let n(k) = k**3 + k. Let j(a) = 2*a**3 + 15*a**2 - 13*a - 6. Let b(s) = -j(s) + n(s). Let d be b(-16). What is the highest common factor of 266 and d?
38
Suppose 4*t = -8, -1082 = -2*s + 4*t + 168. What is the highest common divisor of s and 23?
23
Let u be (4/8*28)/(-1). Let n = 46 + u. Let j be -24*-4*5/6. Calculate the greatest common factor of j and n.
16
Suppose 13*y = -13*y + 7488. What is the highest common divisor of 360 and y?
72
Suppose 2 = 3*j + 11. Let m(h) = 4*h**2 - h. Let z(r) = 2*r**2. Let v(g) = j*z(g) + 2*m(g). Let w be v(-3). What is the highest common divisor of 48 and w?
24
Let g be -56 + 4/(-12)*-9. Let r = g + 31. Let s = r + 25. What is the greatest common factor of 24 and s?
3
Suppose 74*x = 92*x - 2232. Calculate the greatest common divisor of 4 and x.
4
Suppose y - 4*y + 0*y = 0. Suppose -2*b - 2*z = -y*z - 22, 19 = 2*b + 5*z. Calculate the greatest common factor of b and 3.
3
Suppose -l + 26 = -25. What is the greatest common factor of l and 119?
17
Let v be 4/(-6) + (-4690)/30. Let u = 277 + v. Let k be -3 + 1 - (-1 - 49). Calculate the highest common factor of u and k.
24
Let v(z) = -z + 3. Let o(j)